at is the remainder when 4 is divided by q(17)?
0
Suppose 5*t - 60 = -m, m + 3*m + 4*t = 256. Calculate the remainder when ((-20)/25)/((-2)/m) is divided by 9.
8
Let z(f) = -f**3 + 4*f**2 - 4*f + 3. What is the remainder when 9 is divided by z(2)?
0
Let m(f) = -f**3 - f**2 + 2*f. Let o be m(2). Let k = -35 - o. What is the remainder when 32 is divided by -4*(k/12 + -2)?
15
Let w(x) = -x**3 + 7*x**2 + 2*x + 11. Let i be w(7). Suppose -4*b + i = b. What is the remainder when 14 is divided by b?
4
Suppose 2*w = -5*q - 756, -6*q + 3*q - 435 = -5*w. Let k = -105 - q. Suppose 0 = 2*g + g - k. What is the remainder when 44 is divided by g?
14
Suppose 4*o + 0*o = 0. Suppose 3*m - 2*m + 1 = o. Let i(a) = 53*a**2 + 2*a + 1. Calculate the remainder when i(m) is divided by 18.
16
Suppose 6 = 3*h + 5*u, h - 4 + 2 = -4*u. Let g = -3 + 4. What is the remainder when h is divided by g?
0
Let z be 122 - 3*(-2)/(-3). Suppose 3*g - 7*g = z. Calculate the remainder when 16/6*g/(-8) is divided by 4.
2
Let q(o) = 2*o**2 - 10*o + 8. Let f(d) = 5*d**2. Let u be f(1). Suppose 0 = -u*r - 0 + 40. Calculate the remainder when q(r) is divided by 19.
18
Suppose -4*q + 9 = d - 22, 52 = 2*d - 2*q. Calculate the remainder when d is divided by 16.
11
Let s = -19 - 8. Let y = 14 + s. Calculate the remainder when (1 + (-2 - 0))*y is divided by 7.
6
Let o = -153 + 312. What is the remainder when o is divided by 16?
15
Suppose -7 = -4*m + 49. Suppose 0*n + m = n. Calculate the remainder when 8*5 + -3 + 4 is divided by n.
13
Let v = 5 - 5. Suppose v*j + 350 = 5*j. What is the remainder when j is divided by 18?
16
Suppose -3*k = t - 14, -5*k + 4*t = -15 + 3. Suppose -2*x - k = -6. Calculate the remainder when ((-76)/12)/(x/(-3)) is divided by 10.
9
Let a(b) = -6*b - 15. Calculate the remainder when a(-7) is divided by (-75)/(-10) - (-2)/(-4).
6
Let g be 1/(-1) - (-205)/(-5). Let y = 109 + g. Calculate the remainder when y is divided by 17.
16
Let h = 8 - 4. Suppose -5*i - 18 = -t, h*i + 0 = -5*t + 3. Calculate the remainder when 7 is divided by t.
1
Let p(n) = n**3 + 12*n**2 + 2*n - 58. What is the remainder when p(-11) is divided by 6?
5
Suppose -2*r - c = -13, -r + 3 = -c + 1. Let b = -17 + 36. Calculate the remainder when b is divided by r.
4
Let f = 6 + 9. Let w(r) = r + 7. Let j be w(-11). What is the remainder when 10/f*(-54)/j is divided by 6?
3
Suppose 109 = 3*t - 11. Let r be 57/2 + (-4)/8. What is the remainder when t is divided by 9/12*1*r?
19
Calculate the remainder when 119 + -4*(-2)/(-4) is divided by 24.
21
Suppose 0 = -i - 0*z - z - 42, 0 = -i - 4*z - 51. What is the remainder when 6/i + 483/13 is divided by 8?
5
Let o = -2 - -5. Let y be 12/(-54) + (-47)/(-9). Suppose y*j = 4*d - 5, j - 6*j = -o*d. Calculate the remainder when 19 is divided by d.
4
Calculate the remainder when 50/2 - (5 + 8/(-4)) is divided by 6.
4
Let x = -13 - -10. What is the remainder when 80/x*18/(-15) is divided by 17?
15
Suppose 0 = 2*x + 5*j - 81, x = -j - 1 + 43. Let c = x + -21. Calculate the remainder when 85 is divided by c.
19
Suppose 64 = -4*v + 8*v. Calculate the remainder when 77 is divided by v.
13
Suppose -25 = -3*h + 5. Let v = 23 - h. Calculate the remainder when v is divided by 5.
3
Let c(l) = -l**2 - 12*l - 8. Let k be c(-8). Let f = 41 - k. Calculate the remainder when f is divided by 9.
8
Let q = 17 - 15. Let o(w) = 6*w - 4. Suppose 55 = 5*x - 20. Calculate the remainder when x is divided by o(q).
7
Let v be 63/12 + 2/(-8). Suppose 28 = v*o + 8. Calculate the remainder when 11 is divided by o.
3
Let u be (-126)/(-24) - 2/8. Suppose -4*t + 20 = -0*c + 3*c, -4*t + u*c + 20 = 0. What is the remainder when 12 is divided by t?
2
Let h(y) = y**3 + 8*y**2 - 10*y - 12. Let s be h(-9). Suppose -3*b + 19 = 1. What is the remainder when 4*3*(-4)/s is divided by b?
4
Let h(w) = 16*w**2 - 1. Let q be 1/(2*1/2). Let r be h(q). Suppose -n + 4*n - r = 3*y, 3*n - 5*y = 21. Calculate the remainder when 5 is divided by n.
1
Let k(t) = 2*t - t**3 - 2*t**2 + 2*t**3 + 7*t**2 - 1. Let b = 32 - 36. Calculate the remainder when 20 is divided by k(b).
6
Let m = -3 + -3. Let j be 3/(-12)*m*2. Suppose -13 - j = -f. Calculate the remainder when 31 is divided by f.
15
What is the remainder when 15 is divided by (3 - -1)*(8 + (-5 - 1))?
7
Suppose -9 = 3*v - 12*v. Calculate the remainder when v is divided by 1.
0
Let t(u) = -u**2 - 12*u + 9. What is the remainder when 78 is divided by t(-11)?
18
Let u = 123 - 67. Suppose -4*c = -6*c + u. What is the remainder when c is divided by 15?
13
Let v(j) = 2*j**2 - 13*j - 3. Suppose -r + 4 + 5 = 0. Let w = 29 + -7. Calculate the remainder when v(r) is divided by w.
20
Let t(o) = -o + 15. What is the remainder when 7 is divided by t(11)?
3
Let j(n) = 6*n**2 + 3*n + 1. Calculate the remainder when 53 is divided by j(-2).
15
Suppose 0 = 4*b + 12, 2*s + s = -3*b + 12. Suppose p - 2*p = -s. Let i(a) = a**2 - 7*a + 3. Calculate the remainder when p is divided by i(7).
1
Suppose -l + 3 = 0, -2*h + 15 + 9 = -2*l. Calculate the remainder when (-2 + h)*(2 - -1) is divided by 10.
9
Let k(m) = m**3 + m**2 - 3*m + 1. Let c be k(-3). What is the remainder when 17 is divided by ((2 - c) + -1)*1?
8
Let k = 13 - 10. What is the remainder when ((-8)/(-4) + 1)*k is divided by 6?
3
Suppose -33 = -2*a + 11. What is the remainder when a is divided by 12?
10
Suppose f = 6*f. Suppose -5*s + 241 = -f*p + p, 2*s - 114 = 4*p. What is the remainder when s is divided by 13?
10
Let b(i) = i**2 + 59. Let a(o) = -4*o**3 - o**2 - o. Calculate the remainder when b(0) is divided by a(-2).
29
Let a(c) = -6*c**2 + 5*c - 2. Let f be a(3). Let b be -1*(-134)/(-8)*-4. Let r = f + b. Calculate the remainder when r is divided by 9.
8
Suppose 0 = -2*q + 20 - 2. Suppose 4*p - j = p - q, 3*j + 1 = -5*p. Let c = p - -8. Calculate the remainder when 10 is divided by c.
4
Let x(j) = -j**3 + 6*j**2 + 8*j - 5. What is the remainder when 3 is divided by x(7)?
1
Calculate the remainder when 9/(-24) + (-3888)/(-128) is divided by 17.
13
Let h = 8 - 11. Calculate the remainder when 25 is divided by (-4)/(-1)*3 + h.
7
Let k(m) = -m - 22. Suppose -45 = -0*s + 5*s. Let a be k(s). Let h = 40 + a. Calculate the remainder when h is divided by 10.
7
Suppose 0 = 2*y + 2*y + 108. Let m = y + 38. Suppose -2*k = 2*q - 42, 6 + 36 = 2*q + 5*k. What is the remainder when q is divided by m?
10
Let h = 68 + -25. Let a be 0 - (8/1)/(-1). Calculate the remainder when h is divided by 1/4 + 118/a.
13
Let z = 40 + -19. Suppose -z = -5*j + 4*s, -s + 0*s - 5 = -j. Calculate the remainder when 1 is divided by j.
0
Let b = 21 + -15. Suppose 75 = -3*t + b*t. What is the remainder when 98 is divided by t?
23
Calculate the remainder when 14 + (-2)/4*(-2 - -2) is divided by 5.
4
Calculate the remainder when 60 is divided by (-1 + 4)/6 + 65/2.
27
Suppose 4*p - 8 = 4. Suppose 8*o = p*o + 10. Suppose -4*h - 7*u + 28 = -3*u, 0 = o*u. Calculate the remainder when h is divided by 5.
2
Let i = -55 - -63. Calculate the remainder when 158 is divided by i.
6
Let v = 13 - -2. Calculate the remainder when 8/(-60)*-312 - 4/(-10) is divided by v.
12
Let p = 8 - 5. Suppose 0 = -p*o - 2*o + 50. Calculate the remainder when o is divided by 6.
4
Suppose 28*t - 75 = 25*t. What is the remainder when t is divided by 16?
9
Let t = 144 - -15. Suppose -t = -2*g - g. Calculate the remainder when g is divided by 18.
17
Suppose -2 = 5*d - 32. Let m be ((-8)/6)/(4/d). What is the remainder when 31 is divided by -22*m/(-8)*-2?
9
Let z be (66/(-8))/(1/20). Let m = -117 - z. Suppose 3 = 3*t - m. Calculate the remainder when 50 is divided by t.
16
Let q(m) = -11*m - 123. Calculate the remainder when 2/(-2) - (-15 + -2) is divided by q(-12).
7
Let v = 93 - 38. Let x(d) = -d**3 - 6*d**2 - 3*d - 4. What is the remainder when v is divided by x(-6)?
13
Let f = -19 - -39. Suppose 5*r - 3*j + 21 = -0*j, 2*j = -r + 1. What is the remainder when f is divided by ((-14)/(6/r))/1?
6
Let l be 4 + 3/((-9)/3). Let y(s) = s - 1 - 1 + s**2 - l*s. Calculate the remainder when 17 is divided by y(4).
5
Suppose 3*h = -3, -2 = 3*w - 0*h - h. Let d = w + -4. Let c(y) = y**2 + 6*y + 7. Calculate the remainder when c(d) is divided by 1.
0
Suppose -4*v + d = -312, 5*v = -5*d + 140 + 250. Let t(b) = 3